{"id":61873,"date":"2026-03-10T13:39:05","date_gmt":"2026-03-10T13:39:05","guid":{"rendered":"https:\/\/freepass.passid.cv\/store\/?page_id=61873"},"modified":"2026-03-10T13:42:14","modified_gmt":"2026-03-10T13:42:14","slug":"standupcomedyopenmic","status":"publish","type":"page","link":"https:\/\/freepass.passid.cv\/store\/standupcomedyopenmic\/","title":{"rendered":"Stand Up OPEN MIC"},"content":{"rendered":"\t\t<div data-elementor-type=\"wp-page\" data-elementor-id=\"61873\" class=\"elementor elementor-61873\" data-elementor-settings=\"[]\">\n\t\t\t\t\t\t<div class=\"elementor-inner\">\n\t\t\t\t\t\t\t<div class=\"elementor-section-wrap\">\n\t\t\t\t\t\t\t<section class=\"elementor-section elementor-top-section elementor-element elementor-element-a8e44f5 elementor-section-boxed elementor-section-height-default elementor-section-height-default\" data-id=\"a8e44f5\" data-element_type=\"section\">\n\t\t\t\t\t\t<div class=\"elementor-container elementor-column-gap-default\">\n\t\t\t\t\t\t\t<div class=\"elementor-row\">\n\t\t\t\t\t<div class=\"elementor-column elementor-col-100 elementor-top-column elementor-element elementor-element-14a3566 animated-fast elementor-invisible\" data-id=\"14a3566\" data-element_type=\"column\" data-settings=\"{&quot;background_background&quot;:&quot;classic&quot;,&quot;animation&quot;:&quot;fadeInDown&quot;}\">\n\t\t\t<div class=\"elementor-column-wrap elementor-element-populated\">\n\t\t\t\t\t<div class=\"elementor-background-overlay\"><\/div>\n\t\t\t\t\t\t\t<div class=\"elementor-widget-wrap\">\n\t\t\t\t\t\t<div class=\"elementor-element elementor-element-6bea29e elementor-widget elementor-widget-spacer\" data-id=\"6bea29e\" data-element_type=\"widget\" data-widget_type=\"spacer.default\">\n\t\t\t\t<div class=\"elementor-widget-container\">\n\t\t\t\t\t<div class=\"elementor-spacer\">\n\t\t\t<div class=\"elementor-spacer-inner\"><\/div>\n\t\t<\/div>\n\t\t\t\t<\/div>\n\t\t\t\t<\/div>\n\t\t\t\t<div class=\"elementor-element elementor-element-a97373a elementor-widget elementor-widget-image\" data-id=\"a97373a\" data-element_type=\"widget\" data-widget_type=\"image.default\">\n\t\t\t\t<div class=\"elementor-widget-container\">\n\t\t\t\t\t<div class=\"elementor-image\">\n\t\t\t\t\t\t\t\t\t\t\t<a href=\"http:\/\/link.passid.cv\/9fmPi\">\n\t\t\t\t\t\t\t<img decoding=\"async\" src=\"https:\/\/freepass.passid.cv\/store\/wp-content\/uploads\/elementor\/thumbs\/stand-up-site-rkazuy1ddfz8kemd9j9gyear58gcwoolxomkowocy0.jpg\" title=\"stand up site\" alt=\"stand up site\" \/>\t\t\t\t\t\t\t\t<\/a>\n\t\t\t\t\t\t\t\t\t\t\t<\/div>\n\t\t\t\t<\/div>\n\t\t\t\t<\/div>\n\t\t\t\t<div class=\"elementor-element elementor-element-5f51dd3 elementor-widget__width-initial elementor-widget elementor-widget-text-editor\" data-id=\"5f51dd3\" data-element_type=\"widget\" data-widget_type=\"text-editor.default\">\n\t\t\t\t<div class=\"elementor-widget-container\">\n\t\t\t\t\t<div class=\"elementor-text-editor elementor-clearfix\"><\/div>\n\t\t\t\t<\/div>\n\t\t\t\t<\/div>\n\t\t\t\t<div class=\"elementor-element elementor-element-05231fe elementor-widget__width-initial elementor-widget elementor-widget-text-editor\" data-id=\"05231fe\" data-element_type=\"widget\" data-widget_type=\"text-editor.default\">\n\t\t\t\t<div class=\"elementor-widget-container\">\n\t\t\t\t\t<div class=\"elementor-text-editor elementor-clearfix\"><p>Depos de quel \u00daltimo Festival de comedia, nu ca sta dexa nhos descansa, ca nhos perdi dia 20 de Mar\u00e7o na Auditorio Interatel\u00e2ntico na Ch\u00e3 de areia, um show intimista undi que\u00a0 Jailson miranda ta fitcha show<\/p><\/div>\n\t\t\t\t<\/div>\n\t\t\t\t<\/div>\n\t\t\t\t<div class=\"elementor-element elementor-element-d1ab191 elementor-widget__width-initial elementor-widget elementor-widget-text-editor\" data-id=\"d1ab191\" data-element_type=\"widget\" data-widget_type=\"text-editor.default\">\n\t\t\t\t<div class=\"elementor-widget-container\">\n\t\t\t\t\t<div class=\"elementor-text-editor elementor-clearfix\"><\/div>\n\t\t\t\t<\/div>\n\t\t\t\t<\/div>\n\t\t\t\t<div class=\"elementor-element elementor-element-7886213 elementor-align-center elementor-widget elementor-widget-button\" data-id=\"7886213\" data-element_type=\"widget\" data-widget_type=\"button.default\">\n\t\t\t\t<div class=\"elementor-widget-container\">\n\t\t\t\t\t<div class=\"elementor-button-wrapper\">\n\t\t\t<a href=\"http:\/\/link.passid.cv\/CZT7n\" target=\"_blank\" class=\"elementor-button-link elementor-button elementor-size-xl\" role=\"button\">\n\t\t\t\t\t\t<span class=\"elementor-button-content-wrapper\">\n\t\t\t\t\t\t<span class=\"elementor-button-text\">LOTE 1<\/span>\n\t\t<\/span>\n\t\t\t\t\t<\/a>\n\t\t<\/div>\n\t\t\t\t<\/div>\n\t\t\t\t<\/div>\n\t\t\t\t<section class=\"elementor-section elementor-inner-section elementor-element elementor-element-4a56c8a elementor-section-boxed elementor-section-height-default elementor-section-height-default\" data-id=\"4a56c8a\" data-element_type=\"section\" data-settings=\"{&quot;background_background&quot;:&quot;classic&quot;}\">\n\t\t\t\t\t\t\t<div class=\"elementor-background-overlay\"><\/div>\n\t\t\t\t\t\t\t<div class=\"elementor-container elementor-column-gap-default\">\n\t\t\t\t\t\t\t<div class=\"elementor-row\">\n\t\t\t\t\t<div class=\"elementor-column elementor-col-20 elementor-inner-column elementor-element elementor-element-cde3f1c\" data-id=\"cde3f1c\" data-element_type=\"column\">\n\t\t\t<div class=\"elementor-column-wrap\">\n\t\t\t\t\t\t\t<div class=\"elementor-widget-wrap\">\n\t\t\t\t\t\t\t\t<\/div>\n\t\t\t\t\t<\/div>\n\t\t<\/div>\n\t\t\t\t<div class=\"elementor-column elementor-col-20 elementor-inner-column elementor-element elementor-element-446d5f8\" data-id=\"446d5f8\" data-element_type=\"column\">\n\t\t\t<div class=\"elementor-column-wrap\">\n\t\t\t\t\t\t\t<div class=\"elementor-widget-wrap\">\n\t\t\t\t\t\t\t\t<\/div>\n\t\t\t\t\t<\/div>\n\t\t<\/div>\n\t\t\t\t<div class=\"elementor-column elementor-col-20 elementor-inner-column elementor-element elementor-element-887be40\" data-id=\"887be40\" data-element_type=\"column\">\n\t\t\t<div class=\"elementor-column-wrap elementor-element-populated\">\n\t\t\t\t\t\t\t<div class=\"elementor-widget-wrap\">\n\t\t\t\t\t\t<div class=\"elementor-element elementor-element-341c21f elementor-widget elementor-widget-image\" data-id=\"341c21f\" data-element_type=\"widget\" data-widget_type=\"image.default\">\n\t\t\t\t<div class=\"elementor-widget-container\">\n\t\t\t\t\t<div class=\"elementor-image\">\n\t\t\t\t\t\t\t\t\t\t<img decoding=\"async\" src=\"https:\/\/freepass.passid.cv\/store\/wp-content\/uploads\/elementor\/thumbs\/AAA-Logo_PassiD_Final_fundo_escuro-qhxl7wxgttgo8ujd3qn265sajqla5jzcoi0rtucjs0.png\" title=\"AAA Logo_PassiD_Final_fundo_escuro\" alt=\"AAA Logo_PassiD_Final_fundo_escuro\" \/>\t\t\t\t\t\t\t\t\t\t\t<\/div>\n\t\t\t\t<\/div>\n\t\t\t\t<\/div>\n\t\t\t\t\t\t<\/div>\n\t\t\t\t\t<\/div>\n\t\t<\/div>\n\t\t\t\t<div class=\"elementor-column elementor-col-20 elementor-inner-column elementor-element elementor-element-86cc5e7\" data-id=\"86cc5e7\" data-element_type=\"column\">\n\t\t\t<div class=\"elementor-column-wrap\">\n\t\t\t\t\t\t\t<div class=\"elementor-widget-wrap\">\n\t\t\t\t\t\t\t\t<\/div>\n\t\t\t\t\t<\/div>\n\t\t<\/div>\n\t\t\t\t<div class=\"elementor-column elementor-col-20 elementor-inner-column elementor-element elementor-element-5d1aa7d\" data-id=\"5d1aa7d\" data-element_type=\"column\">\n\t\t\t<div class=\"elementor-column-wrap\">\n\t\t\t\t\t\t\t<div class=\"elementor-widget-wrap\">\n\t\t\t\t\t\t\t\t<\/div>\n\t\t\t\t\t<\/div>\n\t\t<\/div>\n\t\t\t\t\t\t\t\t<\/div>\n\t\t\t\t\t<\/div>\n\t\t<\/section>\n\t\t\t\t<div class=\"elementor-element elementor-element-010351b elementor-widget elementor-widget-text-editor\" data-id=\"010351b\" data-element_type=\"widget\" data-widget_type=\"text-editor.default\">\n\t\t\t\t<div class=\"elementor-widget-container\">\n\t\t\t\t\t<div class=\"elementor-text-editor elementor-clearfix\"><p>\u00a9 PassiD. Todos os direitos reservados<\/p><\/div>\n\t\t\t\t<\/div>\n\t\t\t\t<\/div>\n\t\t\t\t\t\t<\/div>\n\t\t\t\t\t<\/div>\n\t\t<\/div>\n\t\t\t\t\t\t\t\t<\/div>\n\t\t\t\t\t<\/div>\n\t\t<\/section>\n\t\t\t\t\t\t<\/div>\n\t\t\t\t\t\t<\/div>\n\t\t\t\t\t<\/div>\n\t\t","protected":false},"excerpt":{"rendered":"<p>Depos de quel \u00daltimo Festival de comedia, nu ca sta dexa nhos descansa, ca nhos perdi dia 20 de Mar\u00e7o na Auditorio Interatel\u00e2ntico na Ch\u00e3 de areia, um show intimista undi que\u00a0 Jailson miranda ta fitcha show LOTE 1 \u00a9 PassiD. Todos os direitos reservados<\/p>\n","protected":false},"author":1,"featured_media":0,"parent":0,"menu_order":0,"comment_status":"closed","ping_status":"closed","template":"","meta":{"footnotes":""},"class_list":["post-61873","page","type-page","status-publish","hentry"],"_links":{"self":[{"href":"https:\/\/freepass.passid.cv\/store\/wp-json\/wp\/v2\/pages\/61873","targetHints":{"allow":["GET"]}}],"collection":[{"href":"https:\/\/freepass.passid.cv\/store\/wp-json\/wp\/v2\/pages"}],"about":[{"href":"https:\/\/freepass.passid.cv\/store\/wp-json\/wp\/v2\/types\/page"}],"author":[{"embeddable":true,"href":"https:\/\/freepass.passid.cv\/store\/wp-json\/wp\/v2\/users\/1"}],"replies":[{"embeddable":true,"href":"https:\/\/freepass.passid.cv\/store\/wp-json\/wp\/v2\/comments?post=61873"}],"version-history":[{"count":7,"href":"https:\/\/freepass.passid.cv\/store\/wp-json\/wp\/v2\/pages\/61873\/revisions"}],"predecessor-version":[{"id":61881,"href":"https:\/\/freepass.passid.cv\/store\/wp-json\/wp\/v2\/pages\/61873\/revisions\/61881"}],"wp:attachment":[{"href":"https:\/\/freepass.passid.cv\/store\/wp-json\/wp\/v2\/media?parent=61873"}],"curies":[{"name":"wp","href":"https:\/\/api.w.org\/{rel}","templated":true}]}}